of 1019?
1
What is the units digit of 109056?
6
What is the hundreds digit of 2134?
1
What is the thousands digit of 48072?
8
What is the ten thousands digit of 15698?
1
What is the units digit of 1128?
8
What is the ten thousands digit of 103773?
0
What is the tens digit of 7275?
7
What is the ten thousands digit of 38377?
3
What is the tens digit of 538?
3
What is the units digit of 32596?
6
What is the hundreds digit of 2189?
1
What is the ten thousands digit of 96631?
9
What is the units digit of 15171?
1
What is the tens digit of 4792?
9
What is the units digit of 1079?
9
What is the units digit of 96590?
0
What is the hundreds digit of 50419?
4
What is the hundreds digit of 198?
1
What is the thousands digit of 20846?
0
What is the units digit of 415?
5
What is the thousands digit of 55712?
5
What is the tens digit of 8523?
2
What is the tens digit of 68898?
9
What is the thousands digit of 2825?
2
What is the units digit of 87?
7
What is the thousands digit of 25902?
5
What is the tens digit of 134?
3
What is the thousands digit of 4216?
4
What is the units digit of 7889?
9
What is the units digit of 623?
3
What is the tens digit of 3158?
5
What is the ten thousands digit of 36909?
3
What is the thousands digit of 60802?
0
What is the tens digit of 34365?
6
What is the units digit of 5057?
7
What is the hundreds digit of 2548?
5
What is the thousands digit of 1885?
1
What is the ten thousands digit of 13456?
1
What is the thousands digit of 1811?
1
What is the thousands digit of 25657?
5
What is the tens digit of 388?
8
What is the tens digit of 839?
3
What is the hundreds digit of 838?
8
What is the units digit of 9622?
2
What is the units digit of 18607?
7
What is the thousands digit of 11126?
1
What is the thousands digit of 1213?
1
What is the thousands digit of 3254?
3
What is the hundreds digit of 9794?
7
What is the hundreds digit of 11307?
3
What is the thousands digit of 19086?
9
What is the thousands digit of 46278?
6
What is the tens digit of 30101?
0
What is the tens digit of 148794?
9
What is the hundreds digit of 10923?
9
What is the units digit of 77757?
7
What is the units digit of 2752?
2
What is the ten thousands digit of 11046?
1
What is the tens digit of 9912?
1
What is the units digit of 5168?
8
What is the tens digit of 5626?
2
What is the hundreds digit of 563?
5
What is the thousands digit of 5247?
5
What is the thousands digit of 4554?
4
What is the tens digit of 652?
5
What is the thousands digit of 6577?
6
What is the tens digit of 36387?
8
What is the hundreds digit of 8941?
9
What is the hundreds digit of 2171?
1
What is the units digit of 990?
0
What is the thousands digit of 1849?
1
What is the thousands digit of 9701?
9
What is the hundreds digit of 7714?
7
What is the hundreds digit of 1097?
0
What is the units digit of 770?
0
What is the thousands digit of 3230?
3
What is the thousands digit of 73033?
3
What is the thousands digit of 1479?
1
What is the thousands digit of 4897?
4
What is the tens digit of 2258?
5
What is the thousands digit of 3695?
3
What is the tens digit of 26915?
1
What is the thousands digit of 39730?
9
What is the tens digit of 276?
7
What is the units digit of 40904?
4
What is the hundreds digit of 193?
1
What is the hundreds digit of 214?
2
What is the thousands digit of 60751?
0
What is the hundreds digit of 1942?
9
What is the tens digit of 39265?
6
What is the hundreds digit of 102269?
2
What is the thousands digit of 14157?
4
What is the units digit of 29143?
3
What is the tens digit of 31638?
3
What is the units digit of 589?
9
What is the units digit of 859?
9
What is the units digit of 75670?
0
What is the units digit of 308?
8
What is the ten thousands digit of 17211?
1
What is the hundreds digit of 89743?
7
What is the tens digit of 16276?
7
What is the hundreds digit of 12084?
0
What is the hundreds digit of 75581?
5
What is the units digit of 2139?
9
What is the thousands digit of 1776?
1
What is the tens digit of 19106?
0
What is the thousands digit of 65053?
5
What is the tens digit of 2321?
2
What is the tens digit of 1393?
9
What is the units digit of 217?
7
What is the units digit of 27130?
0
What is the hundreds digit of 66831?
8
What is the units digit of 115?
5
What is the hundreds digit of 1056?
0
What is the hundreds digit of 1872?
8
What is the ten thousands digit of 12329?
1
What is the tens digit of 14788?
8
What is the thousands digit of 1724?
1
What is the units digit of 27779?
9
What is the tens digit of 2848?
4
What is the tens digit of 37802?
0
What is the tens digit of 67477?
7
What is the hundreds digit of 20866?
8
What is the tens digit of 11343?
4
What is the ten thousands digit of 49568?
4
What is the units digit of 861?
1
What is the hundreds digit of 615?
6
What is the thousands digit of 21973?
1
What is the hundred thousands digit of 104972?
1
What is the thousands digit of 2052?
2
What is the ten thousands digit of 31960?
3
What is the tens digit of 11952?
5
What is the units digit of 11434?
4
What is the hundreds digit of 6932?
9
What is the hundreds digit of 181?
1
What is the hundreds digit of 314?
3
What is the units digit of 9468?
8
What is the thousands digit of 71308?
1
What is the units digit of 56210?
0
What is the hundreds digit of 23969?
9
What is the tens digit of 1316?
1
What is the tens digit of 36216?
1
What is the hundreds digit of 18483?
4
What is the hundreds digit of 13621?
6
What is the hundreds digit of 8113?
1
What is the tens digit of 1351?
5
What is the hundreds digit of 8915?
9
What is the thousands digit of 4391?
4
What is the tens digit of 5825?
2
What is the hundreds digit of 4686?
6
What is the units digit of 9816?
6
What is the units digit of 1468?
8
What is the hundreds digit of 34656?
6
What is the ten thousands digit of 16523?
1
What is the hundreds digit of 5565?
5
What is the thousands digit of 4837?
4
What is the thousands digit of 24644?
4
What is the hundreds digit of 123367?
3
What is the thousands digit of 1804?
1
What is the hundreds digit of 5469?
4
What is the units digit of 383?
3
What is the tens digit of 2012?
1
What is the units digit of 21337?
7
What is the hundreds digit of 52851?
8
What is the tens digit of 824?
2
What is the thousands digit of 7879?
7
What is the hundreds digit of 1827?
8
What is the hundreds digit of 6907?
9
What is the tens digit of 380?
8
What is the tens digit of 5383?
8
What is the tens digit of 799?
9
What is the tens digit of 10932?
3
What is the thousands digit of 3977?
3
What is the hundreds digit of 116?
1
What is the units digit of 20475?
5
What is the tens digit of 1611?
1
What is the hundreds digit of 4369?
3
What is the ten thousands digit of 48067?
4
What is the units digit of 7480?
0
What is the tens digit of 35051?
5
What is the hundreds digit of 408?
4
What is the hundreds digit of 38656?
6
What is the tens digit of 68?
6
What is the units digit of 1154?
4
What is the hundreds digit of 5501?
5
What is the tens digit of 3173?
7
What is the tens digit of 11224?
2
What is the ten thousands digit of 15133?
1
What is the thousands digit of 2808?
2
What is the units digit of 1225?
5
What is the thousands digit of 8021?
8
What is the thousands digit of 26173?
6
What is the hundreds digit of 38444?
4
What is the tens digit of 15919?
1
What is the units digit of 289?
9
What is the tens digit of 31?
3
What is the tens digit of 6246?
4
What is the hundreds digit of 10941?
9
What is the hundreds digit of 17625?
6
What is the tens digit of 9417?
1
What is the thousands digit of 39900?
9
What is the hundreds digit of 4953?
9
What is the units digit of 9080?
0
What is the hundreds digit of 5017?
0
What is the hundred thousands digit of 129567?
1
What is the thousands digit of 6116?
6
What is the tens digit of 28971?
7
What is the hundreds digit of 10934?
9
What is the thousands digit of 105031?
5
What is the tens digit of 5559?
5
What is the units digit of 938?
8
What is the tens digit of 161?
6
What is the units digit of 10099?
9
What is the thousands digit of 1671?
1
What is the tens digit of 13341?
4
What is the thousands digit of 1482?
1
What is the hundreds digit of 753?
7
What is the tens digit of 72210?
1
What is the tens digit of 6176?
7
What is the tens digi